*v = v + m + x, 4*m = 2*v + 28. Let g(r) = r**2 + 2*r - 4. List the prime factors of g(v).
2
Let m = -512 + -7. What are the prime factors of m/(-27) + 4/(-18)?
19
Suppose 4*n + 2*l = -n + 431, -3*n = -2*l - 249. What are the prime factors of n?
5, 17
Suppose -36*s - 1045 = -41*s. Let d = -120 + s. What are the prime factors of d?
89
Let m(b) be the third derivative of -7*b**6/40 - b**4/24 + 8*b**2. Let s be m(1). Let r = s + 54. What are the prime factors of r?
2
Suppose -3*z - 11*z + 3892 = 0. List the prime factors of z.
2, 139
Suppose -1007 - 1048 = -5*a. What are the prime factors of a?
3, 137
Suppose 4*b = 5*f + 4115, 3953 = 5*b + 2*f - 1199. List the prime factors of b.
2, 5, 103
Let q be 1 - (62/(-3) - (-14)/21). Let i = q + 32. List the prime factors of i.
53
Let b(q) = 26*q**2 - 14*q + 86. What are the prime factors of b(9)?
2, 1033
Let p be 80/6*54/45. Suppose -4*b = -p - 16. List the prime factors of b.
2
Let l = -377 - -991. Suppose 0 = z + 4*p + 17 - 136, -p = 5*z - l. What are the prime factors of z?
3, 41
List the prime factors of ((-7)/(-4) - 2) + 124525/340.
2, 3, 61
Let u(g) be the third derivative of 5*g**4/8 - g**3/6 + 3*g**2. Let i be u(1). List the prime factors of i/(-4)*-10 - -2.
37
Let a(c) = -5*c + 34. List the prime factors of a(-20).
2, 67
Suppose -2*c = -101 - 13. What are the prime factors of c?
3, 19
List the prime factors of 13756/6 + 154/(-42).
3, 7, 109
Let q be 4 + -4 - 2*-2. Let o(k) = -5*k**2 + k - 4. Let l(r) = 9*r**2 - 2*r + 7. Let w(m) = q*l(m) + 7*o(m). List the prime factors of w(-4).
2, 5
Let y = -16 - -10. Let f be 11/3 + (-2)/y. Suppose -2*r + f*r - 40 = 0. What are the prime factors of r?
2, 5
Suppose 2*x - 4*x + 16 = 0. Suppose 0*m + 4*m - x = 0. What are the prime factors of 3/m*(-76)/(-6)?
19
Let k = 71 - -2358. What are the prime factors of k?
7, 347
Suppose 0*s = -4*s - 5*u + 3960, -16 = 4*u. What are the prime factors of s?
5, 199
Let c(d) = 3*d**3 + 39*d**2 - 19*d + 56. List the prime factors of c(-13).
3, 101
Let f(r) = -r - 7*r - 5*r**2 + 2*r**2 + 29 + 5*r**2. List the prime factors of f(6).
53
Let a(s) = -s**3 + 6*s**2 + 6*s + 10. Let c be a(7). Suppose -c*m - 205 + 60 = -2*n, 4*n = -3*m + 299. List the prime factors of n.
2, 37
Let a(w) = -3*w**2 - 14*w - 6. Let s be a(-4). What are the prime factors of s*(-1 + 450/12)?
73
Let o(w) = w - 1. Let n be o(8). List the prime factors of (-2)/n - (-990)/35.
2, 7
Let g(z) = 15*z**3 + z**2 - 4*z + 6. What are the prime factors of g(2)?
2, 61
Suppose 5*u + 18 = 2*u. Let h = u - -9. Suppose -4*m = -h*s - 107, -4*m + 2*s + 47 = -63. What are the prime factors of m?
29
Suppose 0*p = -c - 3*p, 0 = -2*p + 2. Let l = c - -5. What are the prime factors of l?
2
Suppose 1 = -6*m - 23. Let k be 0 + (2 - 4 - m). Suppose -28 = -n + k. List the prime factors of n.
2, 3, 5
What are the prime factors of (-1)/(-10) - (-243816)/240?
2, 127
Let f = 2069 - 1251. List the prime factors of f.
2, 409
Let d(r) = 9*r - 12. Let c be d(4). Let k = c + 34. List the prime factors of k.
2, 29
Let k(y) = -y**3 - 6*y**2 + 4*y - 15. Let x(d) = d**3 + 21*d**2 - d - 28. Let i be x(-21). List the prime factors of k(i).
2, 3
Let x(k) = 2*k**2 + 13*k - 19. What are the prime factors of x(9)?
2, 5, 13
What are the prime factors of (-19)/((-152)/34224) + -4?
2, 2137
Suppose 2*g + 2*c + 10 = 0, g + c + 8 = -3*c. Let m be (-12 + -20)*30/g. Suppose -m = -4*x - 3*l, 3*l - 7*l = 16. List the prime factors of x.
3, 7
Let y = 28 + -25. Suppose -y*k + 71 = -55. What are the prime factors of k?
2, 3, 7
Let y(l) = 2*l + 6. Let i(s) = -2*s - 6. Let d(t) = -4*i(t) - 5*y(t). Let b be d(-13). Suppose -b = 6*p - 74. What are the prime factors of p?
3
Let g = 31 + -3. Suppose -d - 3*d - 4*a = -136, -3*a + g = d. What are the prime factors of d?
37
Suppose -2*c + 5 = 5*g, -2*g + 4*g + c = 1. Suppose 0 = 5*d + 5*x - 285, d + d + g*x = 111. List the prime factors of (d/21)/(8/28).
2, 5
Suppose -6*q = 4*m - 9*q - 2641, -5*m = q - 3287. List the prime factors of m.
2, 7, 47
Let z be ((-8)/6)/(12/(-18)). Let o be 2/2 + 1*z. List the prime factors of 16 + 6 + o*1.
5
Let t = 493 + -143. What are the prime factors of t?
2, 5, 7
What are the prime factors of 2/((-5)/7300*-8)?
5, 73
Let n = 2798 - 1741. What are the prime factors of n?
7, 151
Let l(w) = -w**3 + 4*w**2 - 4*w - 5. Let x be l(-6). Suppose -x - 217 = -4*k. Suppose 443 - k = 6*p. What are the prime factors of p?
7
Let h(z) = -2*z - 1. Let y be h(-3). Let r = y + -4. What are the prime factors of (-84)/(-3) - 3/r?
5
Let l = 1 + 2. Suppose 4*s + l*a = -a - 16, -5*a - 17 = 2*s. List the prime factors of s - (1 + -2 + -6).
2, 3
Suppose -214*n + 199*n = -17580. What are the prime factors of n?
2, 293
Suppose -5*o + 2*o + 9 = 0. Let d be 84/12 + 2*(-3)/2. Suppose 4*q + d*l = 84, o*q - 3*l - 66 = 21. What are the prime factors of q?
5
Let s = -74 + 44. Let i = 70 + s. What are the prime factors of i?
2, 5
Let o(m) = -22*m**3 + m**2 - m - 4. List the prime factors of o(-3).
2, 7, 43
Let c be 5/(-2)*(-12)/(-10). Let k(p) = 15*p**2 - 2. Let j be k(c). Suppose -4*y = -3*l - 187, j = 3*y + l + 4*l. What are the prime factors of y?
2, 23
Let m be (-6)/6 + (661 - 1). Let i = -457 + m. Suppose 4*d + 5*a - i = 0, -61 = -3*d + 2*a + 79. List the prime factors of d.
2, 3
Let s(g) = -28*g + 1. Let d = 2 - 3. Let v be s(d). Let h = v + -7. What are the prime factors of h?
2, 11
Let b = -82 + 136. Let x = 37 + 7. What are the prime factors of x/(-33)*b/(-4)?
2, 3
Let h(a) = a**3 + 3*a - 4. Let n be h(2). Suppose -5*q + 4*q + n = 3*k, k = 2*q - 27. What are the prime factors of q?
13
List the prime factors of 0 - (3 - 440) - -5 - 3.
439
Let p(a) = -2*a**3 + 48*a**2 - 15*a + 35. What are the prime factors of p(21)?
2, 7, 13
Suppose 0*b + 4*b + 2*h - 8752 = 0, -3*b - 2*h = -6563. What are the prime factors of b?
11, 199
What are the prime factors of (-1 + -3 + 3)/((-2)/1686)?
3, 281
Let a = 6 - -270. Let w = -173 + a. List the prime factors of w.
103
Let z be 10/(-45) - (-74)/9. Suppose 0 = z*f - 3*f - 10. Suppose -53 = -f*x + 31. List the prime factors of x.
2, 3, 7
List the prime factors of (-1686)/(-4) - 33/(-22).
3, 47
Suppose 4*b + 4*o - 236 = 0, 118 + 57 = 3*b + 4*o. What are the prime factors of b?
61
Let w = 869 - -468. What are the prime factors of w?
7, 191
Let g be 12/20 - 17/(-5). Suppose -8*n + 3*z = -g*n - 11, -5*z = 2*n - 25. Suppose n*p = -p + 30. What are the prime factors of p?
5
Suppose -2*g + 3*o + 66 = g, -5*o = -g + 14. Suppose 15 = p - g. Suppose -p = -4*l + 3*h - 4*h, 0 = 3*l - 2*h - 32. What are the prime factors of l?
2, 5
Suppose -3095 = -40*d + 65905. What are the prime factors of d?
3, 5, 23
Let v = 264 - 76. List the prime factors of v.
2, 47
Let b be ((-2)/(-1) - 9)*-12. Let g(u) = -15*u - 1. Let k be g(-4). Suppose -k = -2*q + 5*c - 17, 4*q + 2*c - b = 0. List the prime factors of q.
3, 7
Let i = 85 + 12. Suppose 363 + i = 5*a. What are the prime factors of a?
2, 23
Suppose 6*s = 5*c + 3*s - 19620, 0 = c - 2*s - 3924. What are the prime factors of c?
2, 3, 109
Suppose 9*m = 8*m + 4. Let p(r) = 7*r + 6. What are the prime factors of p(m)?
2, 17
Let m(b) = 2*b + 5. Let n be (-2)/(4/(-2))*3. Suppose 0 = -2*r - 2*r - j + 23, 0 = -3*r + 4*j + n. What are the prime factors of m(r)?
3, 5
Let z(q) be the first derivative of -q**5/60 + 3*q**4/8 + 2*q**3/3 - 3*q**2/2 + 1. Let t(w) be the second derivative of z(w). List the prime factors of t(7).
2, 3
Let i be (-2)/(-10) + 28/35. Let w = -7 + i. Let q(l) = -l - 3. List the prime factors of q(w).
3
Let l(w) = 3*w**2 + 1. Let r be l(1). Suppose -r - 4 = -4*m. Suppose -28 = -5*j - 5*i + 97, -m*i = j - 20. What are the prime factors of j?
2, 3, 5
Let w be 15/25 - 17/(-5). Suppose -w*i = -14 - 26. List the prime factors of i.
2, 5
Suppose -d + 569 = x - 2*x, -1711 = -3*d + 2*x. List the prime factors of d.
3, 191
Let h(y) = -102*y - 17. Let p(b) = -68*b - 12. Let a(r) = 5*h(r) - 7*p(r). Let k(g) = -g**2 - 10*g - 1. Let t be k(-10). What are the prime factors of a(t)?
3, 11
Let y = 4 - 10. Let p = -3 - y. Suppose p*f + j - 132 = 0, -2*f - 26 + 124 = 4*j. List the prime factors of f.
43
Suppose -4*l + 17 = -15. Let s(k) = 6*k - 18. List the prime factors of s(l).
2, 3, 5
Suppose -3*q - 80 = -5. Let r = q